se
Does 77 divide 7315?
True
Is 593 a multiple of 26?
False
Does 32 divide 992?
True
Does 13 divide 3393?
True
Does 43 divide 29369?
True
Does 15 divide 6912?
False
Is 27 a factor of 958?
False
Is 2 a factor of 377?
False
Does 7 divide 4515?
True
Is 2 a factor of 2?
True
Is 446 a multiple of 27?
False
Is 37 a factor of 625?
False
Is 11965 a multiple of 8?
False
Is 5 a factor of 10509?
False
Is 1825 a multiple of 6?
False
Is 450 a multiple of 30?
True
Does 95 divide 8740?
True
Is 82 a factor of 1478?
False
Does 4 divide 464?
True
Does 126 divide 6804?
True
Does 114 divide 32718?
True
Does 190 divide 77193?
False
Does 178 divide 3916?
True
Does 28 divide 498?
False
Is 25041 a multiple of 216?
False
Is 16245 a multiple of 171?
True
Does 31 divide 1799?
False
Does 22 divide 9020?
True
Is 7282 a multiple of 14?
False
Is 116161 a multiple of 283?
False
Does 9 divide 3915?
True
Is 102412 a multiple of 20?
False
Is 179564 a multiple of 154?
True
Is 6584 a multiple of 8?
True
Does 19 divide 2736?
True
Does 38 divide 41463?
False
Is 17945 a multiple of 185?
True
Is 1069 a multiple of 52?
False
Does 172 divide 7912?
True
Is 6138 a multiple of 11?
True
Is 35028 a multiple of 278?
True
Does 17 divide 2710?
False
Does 14 divide 687?
False
Is 12747 a multiple of 7?
True
Is 10 a factor of 8189?
False
Does 26 divide 4368?
True
Does 21 divide 2310?
True
Is 1398 a multiple of 7?
False
Is 1189 a multiple of 41?
True
Does 11 divide 5990?
False
Is 637 a multiple of 49?
True
Is 6586 a multiple of 74?
True
Is 3115 a multiple of 46?
False
Is 142 a factor of 4686?
True
Does 8 divide 40?
True
Is 196 a factor of 49137?
False
Does 30 divide 8385?
False
Does 7 divide 2057?
False
Is 32825 a multiple of 65?
True
Does 17 divide 663?
True
Is 34 a factor of 28241?
False
Is 611 a multiple of 46?
False
Is 11 a factor of 304?
False
Is 93 a factor of 2659?
False
Does 25 divide 2525?
True
Does 13 divide 18187?
True
Is 23 a factor of 2324?
False
Does 21 divide 16418?
False
Is 11 a factor of 2798?
False
Is 16506 a multiple of 12?
False
Does 199 divide 28394?
False
Does 13 divide 26?
True
Does 41 divide 1353?
True
Is 29 a factor of 1566?
True
Is 15008 a multiple of 4?
True
Is 59 a factor of 11800?
True
Is 7932 a multiple of 12?
True
Is 1092 a multiple of 91?
True
Is 2880 a multiple of 9?
True
Is 26 a factor of 312?
True
Is 72 a factor of 103?
False
Does 10 divide 6599?
False
Is 159 a multiple of 20?
False
Is 20 a multiple of 3?
False
Is 265 a factor of 27825?
True
Does 17 divide 2355?
False
Is 15 a factor of 1095?
True
Is 29 a factor of 3741?
True
Is 1126 a multiple of 16?
False
Is 3291 a multiple of 24?
False
Is 36 a factor of 595?
False
Is 37 a factor of 578?
False
Does 13 divide 42406?
True
Is 27 a factor of 4340?
False
Is 96 a factor of 22350?
False
Is 7 a factor of 44639?
True
Does 7 divide 2106?
False
Is 2 a factor of 4324?
True
Is 32 a factor of 717?
False
Is 5472 a multiple of 72?
True
Is 784 a multiple of 7?
True
Is 172 a multiple of 5?
False
Is 30 a factor of 491?
False
Is 20 a factor of 210?
False
Is 156 a multiple of 3?
True
Does 35 divide 2590?
True
Is 15 a factor of 4125?
True
Is 115 a factor of 43355?
True
Is 919 a multiple of 4?
False
Is 58375 a multiple of 40?
False
Does 4 divide 3708?
True
Does 17 divide 57185?
False
Is 60426 a multiple of 54?
True
Is 8 a factor of 694?
False
Is 840 a multiple of 13?
False
Is 98 a factor of 1176?
True
Is 298 a factor of 65222?
False
Is 10 a factor of 350?
True
Is 2 a factor of 604?
True
Does 8 divide 304?
True
Is 4 a factor of 1457?
False
Does 35 divide 2520?
True
Does 17 divide 57405?
False
Is 16200 a multiple of 135?
True
Is 940 a multiple of 6?
False
Is 6212 a multiple of 4?
True
Is 10 a factor of 40738?
False
Does 2 divide 2047?
False
Is 2628 a multiple of 6?
True
Is 110011 a multiple of 35?
False
Does 38 divide 5540?
False
Does 33 divide 1093?
False
Is 87 a factor of 271?
False
Does 43 divide 9804?
True
Is 20 a factor of 420?
True
Is 7 a factor of 357?
True
Does 14 divide 4056?
False
Is 126 a factor of 5670?
True
Does 60 divide 360?
True
Is 37 a factor of 14282?
True
Is 39 a factor of 2186?
False
Is 2699 a multiple of 10?
False
Is 909 a multiple of 4?
False
Is 9 a factor of 615?
False
Is 25035 a multiple of 10?
False
Is 7 a factor of 15631?
True
Is 21 a factor of 25764?
False
Is 12 a factor of 8808?
True
Is 70 a factor of 14910?
True
Is 17 a factor of 1156?
True
Is 58 a factor of 2552?
True
Is 15 a factor of 851?
False
Does 13 divide 39?
True
Is 432 a multiple of 3?
True
Does 45 divide 450?
True
Is 2470 a multiple of 26?
True
Does 6 divide 846?
True
Is 3704 a multiple of 21?
False
Is 16 a factor of 1026?
False
Is 12 a factor of 9900?
True
Is 203 a multiple of 7?
True
Does 40 divide 1360?
True
Is 15 a factor of 1965?
True
Does 36 divide 1308?
False
Is 8910 a multiple of 11?
True
Does 13 divide 221?
True
Is 54 a factor of 6534?
True
Does 189 divide 27972?
True
Is 11 a factor of 2046?
True
Is 38 a factor of 722?
True
Is 3348 a multiple of 4?
True
Does 9 divide 2613?
False
Is 16513 a multiple of 49?
True
Is 4443 a multiple of 5?
False
Is 38 a factor of 3230?
True
Is 1056 a multiple of 44?
True
Does 18 divide 504?
True
Is 34584 a multiple of 48?
False
Is 1932 a multiple of 28?
True
Is 84 a factor of 2431?
False
Is 32 a factor of 1021?
False
Is 4 a factor of 160?
True
Is 11 a factor of 2806?
False
Does 6 divide 2292?
True
Is 75 a factor of 1725?
True
Is 2048 a multiple of 12?
False
Does 6 divide 1957?
False
Is 22 a factor of 1386?
True
Does 37 divide 2405?
True
Is 15 a factor of 87?
False
Does 23 divide 904?
False
Is 299 a multiple of 3?
False
Does 58 divide 21808?
True
Is 19897 even?
False
Is 1175 a multiple of 5?
True
Is 18 a factor of 1422?
True
Does 12 divide 427?
False
Is 1571 a multiple of 2?
False
Does 36 divide 61812?
True
Does 56 divide 1685?
False
Is 201 a multiple of 7?
False
Does 32 divide 310?
False
Is 8 a factor of 16366?
False
Does 17 divide 359?
False
Does 65 divide 16640?
True
Is 14 a factor of 532?
True
Is 8096 a multiple of 44?
True
Is 21 a factor of 1710?
False
Is 63 a factor of 2226?
False
Is 2882 a multiple of 11?
True
Does 9 divide 1026?
True
Is 17 a multiple of 2?
False
Is 2 a factor of 1455?
False
Does 2 divide 816?
True
Is 18732 a multiple of 12?
True
Is 18921 a multiple of 159?
True
Is 33 a factor of 8203?
False
Does 2 divide 39?
False
Is 136 a multiple of 4?
True
Is 1584 a multiple of 16?
True
Is 42 a factor of 130956?
True
Does 13 divide 1215?
False
Does 9 divide 161?
False
Is 12 a factor of 347?
False
Is 10108 a multiple of 81?
False
Does 5 divide 22780?
True
Does 46 divide 2438?
True
Does 8 divide 248?
True
Is 43 a factor of 664?
False
Is 3 a factor of 7824?
True
Is 7442 a multiple of 6?
False
Does 19 divide 39387?
True
Does 31 divide 54064?
True
Is 44 a factor of 7492?
False
Is 43 a factor of 15265?
True
Is 63 even?
False
Is 138 a multiple of 2?
True
Is 286 a multiple of 7?
False
Is 68 a factor of 4692?
True
Does 70 divide 829?
False
Is 1539 even?
False
Does 13 divide 16820?
False
Is 64 a factor of 6080?
True
Is 14189 a multiple of 119?
False
Is 10187 a multiple of 61?
True
Does 5 divide 1650?
True
Does 351 divide 74984?
False
Is 3053 a multiple of 78?
False
Does 24 divide 168?
True
Does 18 divide 21546?
True
Is 558 a multiple of 31?
True
Does 48 divide 4799?
False
Is 3672 a multiple of 17?
True
Does 4 divide 11?
False
Does 58 divide 357?
False
Is 18 a factor of 2433?
False
Is 14 a factor of 13048?
True
Is 2144 a multiple of 8?
True
Is 135 a multiple of 9?
True
Is 27 a factor of 672?
False
Is 183 a multiple of 7?
False
Does 11 divide 1100?
True
Does 32 divide 13888?
True
Does 15 divide 1847?
False
Does 24 divide 341?
False
Is 33 a factor of 6039?
True
Does 3 divide 29?
False
Is 11911 a multiple of 22?
False
Does 24 divide 17286?
False
Is 9 a factor of 9181?
False
Is 13037 a multiple of 106?
False
Is 10 a factor of 1055?
False
Is 3404 a multiple of 23?
True
Is 15 a factor of 1560?
True
Is 2016 a multiple of 12?
True
Is 414 a multiple of 9?
True
Is 18 a factor of 59112?
True
Is 23 a factor of 648?
False
Is 2 a factor of 382?
True
Is 3 a factor of 21?
True
Is 783 a multiple of 27?
True
Is 4 a factor of 223?
False
Is 10 a factor of 122212?
False
Does 181 divide 13118?
False
Does 7 divide 53963?
True
Is 